 18, i = 4*v - 2*g. What is the units digit of v?
3
Let n = -8 + 11. Suppose q = n*q. Suppose -2*p = -20 - q. What is the tens digit of p?
1
Let m(y) = -y**2 - 4*y + 5. Let s be m(-6). Let z = 7 + s. What is the units digit of 4*(z - 2/(-1))?
8
Suppose 4*k = 5*l + 234, k - 3*k + 5*l = -122. What is the tens digit of k?
5
Let d(u) = -u**2 - u - 34. Let k be d(0). Let h = 53 + k. What is the tens digit of h?
1
Suppose 0 = v - 8 - 10. Let s be (v - 6/2) + -2. Suppose -3*q = -43 + s. What is the tens digit of q?
1
Let v(i) = 3*i - 8. What is the units digit of v(6)?
0
Suppose 0 = 2*s - 6*s + 16. Suppose -5*k = -4*b - 25, s*k = 4*b + 14 + 2. What is the units digit of k?
9
Let f(s) = s**2 - 6*s - 1. Let k be f(4). Let v = 16 + k. Suppose -5 = -3*b + v. What is the units digit of b?
4
Let b be (-3)/(-15) - (-3)/(-15). Let n(h) = -h + 3. What is the units digit of n(b)?
3
Let o = 11 + 17. What is the units digit of o?
8
Suppose -v + 118 = 1. Suppose s - v = -2*s. What is the tens digit of s?
3
What is the units digit of (246*(-1 - -2))/(-20 + 21)?
6
Let d be -6*((-10)/(-3) - 2). Let f(p) = p**3 + 9*p**2 + 10*p + 4. Let z be f(d). Let r = z + 25. What is the tens digit of r?
1
Suppose 8 + 4 = 2*z. Suppose -5*y - 6 = -4*y. Let g = z - y. What is the units digit of g?
2
Let q be 3/2 - 189/14. What is the tens digit of (-2)/((-2)/3) - q?
1
Let k be ((-50)/(-20))/((-2)/(-4)). Suppose 3*w = k*t + 6 - 56, -3*w - 15 = 0. What is the units digit of t?
7
Let x be (10/25)/(2/10). Suppose -x*j = j - 24. What is the units digit of j?
8
Let m(x) = -x**3 - x**2 + x - 1. Let u(d) = -d**3 - 4*d**2 - d - 4. Let i be u(-4). Let c be m(i). Let f = c - -3. What is the units digit of f?
2
Suppose 0 = -5*q - 5*x + 20, 3*x = -2*q - 3*q + 12. Let v = 18 - q. What is the units digit of v?
8
Let n = 2 - 1. Let t be 5/(-4)*(-4)/n. Suppose 0 = i - 1 - t. What is the units digit of i?
6
Suppose 0*g = -g + 4. Suppose 3*y + 29 = g*y. What is the tens digit of y?
2
Let k = 5 - -26. Suppose -3*a - 4*w = -8*a + 97, 2*a - k = -w. What is the units digit of a?
7
What is the tens digit of (-9)/3*(-82)/6?
4
Suppose 3*w + 2*c = c - 2, 3*c = -5*w - 10. Let q = w - -6. Let k = 13 - q. What is the units digit of k?
6
Let p(k) = -k**2 + 20. Let t = -7 - -7. What is the tens digit of p(t)?
2
Let j(a) be the third derivative of a**6/120 - a**5/10 + a**4/6 - a**3/2 + a**2. What is the units digit of j(6)?
1
Let j(d) = -5*d + 4. Let f be j(-2). Let w(t) = 4*t - 16. What is the tens digit of w(f)?
4
Suppose 29*m + 808 = 33*m. What is the tens digit of m?
0
Let d be -2 + (5 - -1 - 2). Let l be 7 + -1 - (d + 0). Suppose 2*a + 1 = p, -3*p - 1 = l*a - 14. What is the units digit of p?
3
Let i = -4 + 22. What is the tens digit of i + -1 + 3 + -3?
1
Let l be -3*(-6)/27*9. Suppose 2*h - 2*n - 3*n = l, 4*n + 6 = h. What is the units digit of (1 - -4) + (-2 - h)?
5
Suppose -d = -4*w + 4*d + 116, 0 = -3*w + 4*d + 86. Suppose 6 = -2*u + w. What is the tens digit of u?
1
Let s(f) be the third derivative of f**5/60 - f**4/4 - f**3/3 + 2*f**2. Let o be s(6). Let w = o - -11. What is the units digit of w?
9
Let i(m) = m + 3. Let f be ((-5)/(-3))/(2/6). What is the units digit of i(f)?
8
Suppose 3*u + 2*u = 85. What is the units digit of u?
7
Suppose 0 = 5*q - 321 + 126. What is the tens digit of q?
3
Suppose -4*u = -0*z + 3*z - 118, -z = 2. What is the units digit of u?
1
Let z(p) = -p**3 + 9*p**2 - 7*p - 1. Let k = 25 - 17. What is the units digit of z(k)?
7
Let c be (-2)/6 + 28/3. Let y be -1*1 - (2 - c). Suppose 0 + y = 3*k. What is the units digit of k?
2
Suppose -3*f + 96 = -6. What is the units digit of f?
4
Let l(q) = -q**3 - 7*q**2 + 5*q - 11. What is the tens digit of l(-8)?
1
Let t(q) = 7*q**2 - 3*q - 1. Let z(i) = -3*i**2 + 2*i + 1. Let y(x) = -2*t(x) - 5*z(x). Let b be 336/72 - (-2)/6. What is the units digit of y(b)?
2
Suppose -3*l = -5*a - 86, 2*l - 69 = a - 0*a. What is the units digit of l?
7
Let s(a) = a**3 - 13*a**2 + 4*a - 8. What is the tens digit of s(13)?
4
Let f be 12*((-20)/16)/(-5). Suppose 2*z - 11 = m + 7, -53 = -f*z - 5*m. What is the units digit of z?
1
Let q(f) = f**3 - 9*f**2 + 5*f + 1. Let t be q(8). Let m = -8 - t. What is the units digit of m?
5
Let g(l) = l**3 - l**2 - 3*l - 2. Let i be g(3). Let q(o) = 3*o - 12. What is the units digit of q(i)?
9
What is the hundreds digit of (-1)/(((-20)/955)/4)?
1
What is the hundreds digit of (11187/6)/(-11)*-2?
3
Let r(z) = -z**3 + 7*z**2 + 6*z + 16. Let l be r(8). Suppose 0 = -3*j + 5*j - 72. Suppose l*f = f, 2*q = 2*f + j. What is the tens digit of q?
1
Let k(q) = -q**2 - 5*q + 6. Let f be k(-6). Suppose f = -13*y + 8*y + 20. What is the units digit of y?
4
Let h = 182 - 130. What is the units digit of h?
2
Suppose -49 = -4*n + 15. Let a be 158/(-8) + (-4)/n. Let l = a - -34. What is the units digit of l?
4
Suppose -5*t = -0 - 20. Suppose -48 = -t*u - 0*u. What is the units digit of u?
2
Let v = -2 - -5. Suppose -v*j = 2*j - 135. What is the units digit of j?
7
Suppose -l = -238 - 84. What is the units digit of l?
2
Suppose 2*f - 10 = 3*o, 0 = -5*f + 4*o - 0 + 11. Let c = 37 - -38. What is the units digit of c/20 - f/4?
4
Let d = 130 + -55. What is the units digit of d?
5
Suppose 3*w - 4*w = -134. Suppose 2*k - w = -4*s, -5*k = -4*s + 2*s + 37. What is the units digit of s?
1
Let a(l) = l**2 + 5*l - 2. What is the tens digit of a(-11)?
6
Suppose i = -r + 5 - 1, 2*i = 3*r + 8. Suppose r = -5*q + 15 + 80. What is the tens digit of q?
1
What is the units digit of (3 + -7 + (-19)/(-3))*27?
3
Let o(u) = -u**2 + 5*u - 6. Let a be 2/(((-2)/(-4))/1). Let w be o(a). Let q = w - -3. What is the units digit of q?
1
Suppose -2*o + 0 + 52 = 0. Let r = o + -14. What is the units digit of r?
2
Let f = 36 + 89. What is the tens digit of f?
2
Let i = 121 - 76. What is the units digit of i?
5
Let t(z) = 5*z**3 + 6*z**2 - 4*z - 4. Let n(l) = l**3 + l**2 - l - 1. Let c(d) = -4*n(d) + t(d). What is the tens digit of c(2)?
1
Let g = 2 + 0. Let y(x) = -2*x - 5 - x + x**g - 2*x + 4*x. What is the tens digit of y(5)?
1
Let d(p) = -3*p + 1. Let t be d(-1). What is the units digit of ((-8)/6)/(t/(-18))?
6
Suppose -5*o + 3 = -2. Suppose -5*s = -4 - o. What is the units digit of s?
1
Let m be 680/(-32)*8/2. Let s = m + 126. What is the units digit of s?
1
Let x = 15 - 17. What is the units digit of 4 + 3 + x + -1?
4
Let f = -19 - -22. Suppose 3*c + 5 = 2*y, y - 5 - f = -4*c. What is the units digit of y?
4
Let n(w) = 5*w**2 + 1. What is the tens digit of n(-2)?
2
Suppose -5*y + 27 = -3*j, 2*j - 4*j + 4 = 4*y. Let w(t) = -t + 4. Let m be w(2). Let v = y - m. What is the units digit of v?
1
Let o(t) = 3*t**3 - 2*t**2 - 4*t + 1. What is the tens digit of o(3)?
5
Suppose 5*z = 3*c - 257 - 17, 2*c + z = 174. Suppose -88 = -4*a - 0*g + g, -3*g + c = 4*a. What is the tens digit of a?
2
Let q = -3 - -57. What is the tens digit of 1*7/(21/q)?
1
Let i(b) = -b + 13. What is the units digit of i(-2)?
5
What is the hundreds digit of (-2)/(-6) - (2 + (-1154)/3)?
3
Let v(l) = 5*l**2 + 2*l + 10. What is the hundreds digit of v(5)?
1
Let d(l) = l**3 - 5*l + 2. Let j be d(3). Let u = 33 - j. What is the tens digit of u?
1
Suppose -2*q = -5*q + 9. Suppose 5*l - t = 12, l - 9 - 1 = 4*t. Suppose 8*f - q*f + y = 15, 4*y - 24 = -l*f. What is the units digit of f?
2
Let y(f) = f + 2. Let h be y(-1). Let q be 3/6*-2 - h. What is the units digit of (2 - -4)/q - -11?
8
Suppose -5*k + 10 = -0*k. Suppose g - 8 - k = 0. What is the tens digit of g?
1
Let h be (-23)/(-7) + (-2)/7. Suppose -h*d - 1 + 0 = 2*c, -4*c = -d + 23. What is the units digit of 159/15 - d/5?
0
Let n be ((-138)/(-12))/(1/2). Suppose 5*v - n + 3 = 0. What is the units digit of v?
4
Let i(q) = -2*q**3 + q**2 + 2*q - 2. Let l be i(2). What is the units digit of (-7)/2*(l + 0)?
5
Let o(z) = z**3 - z**2 - z. Let n(l) = 5*l**3 - 5*l**2 - 2*l + 1. Let x(q) = -n(q) + 6*o(q). Let f be x(3). Suppose -3*t = 2 - f. What is the units digit of t?
1
Suppose 4*i - 72 = i. Suppose -2 = 3*p - 14. Suppose 0*d + i = p*d. What is the units digit of d?
6
What is the units digit of (-4)/(-10) - (-165)/25?
7
Let l(y) = y**2 - 3*y - 8. Let r be l(7). Suppose 2*x = r + 10. Let p = x - 9. What is the units digit of p?
6
Let o be ((-2)/(-8))/(10/28